
What are the prime factors of 327607?
7, 17, 2753
List the prime factors of 250033.
7, 23, 1553
What are the prime factors of 29192945?
5, 5838589
List the prime factors of 243176.
2, 113, 269
List the prime factors of 2175512.
2, 271939
List the prime factors of 141787.
71, 1997
What are the prime factors of 177198?
2, 3, 7, 4219
List the prime factors of 4164854.
2, 67, 31081
What are the prime factors of 3303262?
2, 173, 9547
What are the prime factors of 6640011?
3, 7, 105397
What are the prime factors of 2104034?
2, 151, 6967
What are the prime factors of 200639?
200639
List the prime factors of 12319.
97, 127
List the prime factors of 784533.
3, 17, 15383
List the prime factors of 21518082.
2, 3, 83, 4801
List the prime factors of 27779.
27779
What are the prime factors of 3864831?
3, 17, 75781
List the prime factors of 10288202.
2, 167, 30803
What are the prime factors of 18644507?
7, 2663501
List the prime factors of 204920.
2, 5, 47, 109
What are the prime factors of 3780048?
2, 3, 61, 1291
List the prime factors of 1704740.
2, 5, 85237
List the prime factors of 896163.
3, 43, 6947
What are the prime factors of 1531102?
2, 73, 10487
What are the prime factors of 153183?
3, 51061
List the prime factors of 4640501.
4640501
What are the prime factors of 1710472?
2, 17, 12577
What are the prime factors of 22894241?
22894241
List the prime factors of 29236654.
2, 173, 84499
What are the prime factors of 5644704?
2, 3, 13, 4523
List the prime factors of 51911.
23, 37, 61
What are the prime factors of 2011037?
7, 287291
What are the prime factors of 2692033?
823, 3271
List the prime factors of 5024601.
3, 558289
What are the prime factors of 144241?
144241
What are the prime factors of 4333738?
2, 31, 69899
What are the prime factors of 61942?
2, 30971
List the prime factors of 1328634.
2, 3, 223, 331
List the prime factors of 248381.
7, 37, 137
What are the prime factors of 22743616?
2, 7, 50767
What are the prime factors of 20328515?
5, 17, 311, 769
What are the prime factors of 891403?
73, 12211
What are the prime factors of 15463684?
2, 1499, 2579
List the prime factors of 1641679.
13, 293, 431
What are the prime factors of 2065146?
2, 3, 491, 701
What are the prime factors of 623715?
3, 5, 43, 967
List the prime factors of 1275071.
7, 19, 9587
What are the prime factors of 9027964?
2, 11, 19, 10799
List the prime factors of 2969897.
7, 424271
What are the prime factors of 50143?
41, 1223
List the prime factors of 11641999.
1931, 6029
List the prime factors of 3945288.
2, 3, 164387
List the prime factors of 3301094.
2, 17, 79, 1229
What are the prime factors of 2449028?
2, 61, 10037
What are the prime factors of 4260483?
3, 43, 101, 109
What are the prime factors of 4204114?
2, 2102057
What are the prime factors of 23455870?
2, 5, 1447, 1621
What are the prime factors of 26186028?
2, 3, 11, 19, 53, 197
What are the prime factors of 996038?
2, 23, 59, 367
What are the prime factors of 4977246?
2, 3, 23, 36067
What are the prime factors of 3587901?
3, 17, 70351
List the prime factors of 401957.
401957
What are the prime factors of 3411145?
5, 682229
List the prime factors of 506457.
3, 7, 8039
What are the prime factors of 1721843?
683, 2521
List the prime factors of 2778479.
11, 252589
What are the prime factors of 74527?
74527
What are the prime factors of 11649570?
2, 3, 5, 388319
List the prime factors of 9880209.
3, 19, 3041
List the prime factors of 13541.
11, 1231
What are the prime factors of 194711?
11, 31, 571
List the prime factors of 194059.
43, 4513
List the prime factors of 345875.
5, 2767
List the prime factors of 84152.
2, 67, 157
List the prime factors of 4567436.
2, 61, 18719
What are the prime factors of 1193945?
5, 238789
List the prime factors of 17082876.
2, 3, 73, 19501
What are the prime factors of 256110?
2, 3, 5, 8537
List the prime factors of 389367.
3, 11, 19, 23
What are the prime factors of 233100?
2, 3, 5, 7, 37
List the prime factors of 3145682.
2, 1572841
What are the prime factors of 4581842?
2, 47, 79, 617
What are the prime factors of 3614631?
3, 31, 38867
List the prime factors of 7668590.
2, 5, 19, 40361
List the prime factors of 514872.
2, 3, 7151
List the prime factors of 190005.
3, 5, 53, 239
What are the prime factors of 7461063?
3, 719, 1153
What are the prime factors of 1169051?
13, 19, 4733
List the prime factors of 2709651.
3, 7, 18433
List the prime factors of 12739836.
2, 3, 83, 12791
What are the prime factors of 399385?
5, 7, 11411
What are the prime factors of 1140658?
2, 570329
List the prime factors of 388893.
3, 129631
List the prime factors of 1178757.
3, 130973
What are the prime factors of 2097315?
3, 5, 11, 19, 223
What are the prime factors of 3529032?
2, 3, 13, 11311
List the prime factors of 5854.
2, 2927
List the prime factors of 40520762.
2, 281, 72101
List the prime factors of 1500393.
3, 647, 773
What are the prime factors of 23043778?
2, 103, 111863
What are the prime factors of 1883850?
2, 3, 5, 19, 661
List the prime factors of 627027.
3, 47, 4447
List the prime factors of 1825183.
1825183
What are the prime factors of 20342210?
2, 5, 7, 71, 4093
List the prime factors of 21132593.
109, 193877
What are the prime factors of 20166121?
20166121
What are the prime factors of 28448?
2, 7, 127
What are the prime factors of 43980?
2, 3, 5, 733
List the prime factors of 12245300.
2, 5, 122453
What are the prime factors of 17012198?
2, 7, 1215157
What are the prime factors of 872329?
131, 6659
What are the prime factors of 422769?
3, 19, 7417
List the prime factors of 1106459.
109, 10151
What are the prime factors of 1311627?
3, 19, 23011
List the prime factors of 25247.
25247
What are the prime factors of 4851751?
607, 7993
List the prime factors of 87831.
3, 3253
List the prime factors of 419377.
7, 181, 331
What are the prime factors of 25524442?
2, 277, 46073
List the prime factors of 1770041.
7, 13, 53, 367
What are the prime factors of 263142?
2, 3, 11, 443
List the prime factors of 1734167.
1734167
List the prime factors of 697779.
3, 31, 41, 61
What are the prime factors of 961639?
7, 17, 8081
List the prime factors of 109958.
2, 54979
List the prime factors of 1597919.
19, 37, 2273
List the prime factors of 5857323.
3, 1952441
What are the prime factors of 310782?
2, 3, 51797
What are the prime factors of 8556780?
2, 3, 5, 17, 8389
What are the prime factors of 11414525?
5, 456581
List the prime factors of 5282770.
2, 5, 653, 809
What are the prime factors of 324048?
2, 3, 43, 157
List the prime factors of 45672.
2, 3, 11, 173
List the prime factors of 640340.
2, 5, 101, 317
List the prime factors of 3058409.
1069, 2861
What are the prime factors of 1035491?
271, 3821
List the prime factors of 1804436.
2, 451109
List the prime factors of 961778.
2, 37, 41, 317
List the prime factors of 2837832.
2, 3, 23, 53, 97
What are the prime factors of 6563375?
5, 7, 13, 577
What are the prime factors of 479683?
73, 6571
List the prime factors of 230414.
2, 23, 5009
List the prime factors of 227573.
89, 2557
What are the prime factors of 8046053?
97, 109, 761
What are the prime factors of 16127295?
3, 5, 19, 71, 797
What are the prime factors of 502977?
3, 389, 431
List the prime factors of 200140.
2, 5, 10007
What are the prime factors of 17097548?
2, 13, 277, 1187
What are the prime factors of 104942?
2, 137, 383
What are the prime factors of 7396052?
2, 1849013
List the prime factors of 198693.
3, 11, 223
List the prime factors of 4331433.
3, 43, 33577
What are the prime factors of 4184443?
4184443
List the prime factors of 1589646.
2, 3, 307, 863
What are the prime factors of 1535817?
3, 511939
List the prime factors of 142443.
3, 7, 17, 19
What are the prime factors of 50067?
3, 5563
What are the prime factors of 18430524?
2, 3, 7, 24379
What are the prime factors of 837534?
2, 3, 139589
What are the prime factors of 14329867?
83, 172649
List the prime factors of 156718.
2, 127, 617
What are the prime factors of 179252?
2, 41, 1093
What are the prime factors of 5248115?
5, 1049623
List the prime factors of 62311.
62311
List the prime factors of 123331.
13, 53, 179
List the prime factors of 832580.
2, 5, 7, 19, 313
List the prime factors of 31606.
2, 15803
What are the prime